 -m**3 + 16*m**2 - 7*m + 106. Let x be s(16). Calculate q(x).
-2
Let i(o) = -o + 12. Let g be (24/18 + -1)*(-90)/(-3). Calculate i(g).
2
Let h(l) = -l - 4. Let p be h(-5). Suppose -7 = -2*k - d + p, k - d - 4 = 0. Let j(g) = g**3 - 5*g**2 + 5*g. Determine j(k).
4
Let x(v) = v**2 - v - 1. Let j(g) = 4*g**2 - 6. Let k(p) = j(p) - 3*x(p). Let l be 2 + (-2)/(6/15). Determine k(l).
-3
Suppose 40 = -5*l - 10. Let a = 13 + l. Suppose -6 = a*g + 3*j, 2*g + 6*j + 13 = j. Let x(s) = -11*s**2 + 2*s - 1. What is x(g)?
-10
Let l(x) = 8*x + 3. Let t(n) = 4 + 2 - n - 3 - 4. Let g(h) = 10*h + 5. Let m(r) = -g(r) - 3*t(r). Let c(q) = 6*l(q) + 7*m(q). What is c(0)?
4
Let a(w) = w**2 - 3. Let o = 342 - 338. What is a(o)?
13
Let n(u) be the third derivative of -11*u**5/30 + u**3/6 - 36*u**2. Calculate n(-1).
-21
Let v(f) = f**3 + 4*f - 2. Let i be v(2). Suppose i - 18 = 4*l. Let n(u) = 12*u**3 + u**2. Give n(l).
-11
Suppose 5*k = -4*i + 14, i + 0*k + 3*k = 0. Let c(d) = 2 - 10*d**3 + 3*d + i - 7 - 2*d. Give c(-1).
10
Let t = -572 + 575. Let x(i) be the third derivative of 8*i**2 + 0 - 1/8*i**4 + 1/30*i**5 + 0*i + 0*i**t. What is x(2)?
2
Let n(t) = -t**2 + t + 8. Suppose 12 = 326*u - 324*u. Calculate n(u).
-22
Let t(g) be the third derivative of g**5/60 + 13*g**4/24 - g**3 - g**2 - 28. What is t(-14)?
8
Suppose -16 = 5*c + 89. Let f = c + 17. Let t(p) = -p**2 - 6*p - 5. What is t(f)?
3
Let z = 68 + -67. Let b(r) = 15*r**2 - z - 8*r**2 - 1 - 8*r**2 + 2*r. Calculate b(2).
-2
Let x(l) be the third derivative of -l**5/120 - 7*l**4/24 + 2*l**3 - 8*l**2. Let v(h) be the first derivative of x(h). Give v(-6).
-1
Let w(y) = y**3 - 7*y**2 - 9*y + 3. Let c = 23 - 20. Suppose 0 = -b + t - 3, 5*b + c = -2*t + 3*t. Suppose b = 5*l - 4*v - 20, 5*l - v + 5*v = 60. Give w(l).
-5
Let p(v) = -v + 6. Suppose y + 12 = 4*y. Suppose t = -3*s + 22, -t - y*s + 27 = -0*s. Determine p(t).
-1
Let j(t) = -2*t**3 - 8*t**2 + 7*t - 5. Let l(u) = 3*u**3 + 9*u**2 - 8*u + 6. Let d(i) = -4*j(i) - 3*l(i). What is d(5)?
-18
Let v(h) = 5*h + 13. Let d(r) = 5*r + 18. Let b(w) = 4*d(w) - 5*v(w). Give b(6).
-23
Let o(g) be the second derivative of -g**4/12 - 3*g**2 - 10*g. Let n(x) = 4 - 5*x + 3 + 5 + 3*x. Let r be n(6). Determine o(r).
-6
Let w(z) = 35*z**3 + 4*z**2 - 5*z - 2. Let g(o) = -6*o**3 + 2*o + 1. Let i(c) = 6*g(c) + w(c). Calculate i(6).
-26
Let o(l) = 9*l + 2. Let r be o(0). Let a(g) = -2*g**3 + 3*g**2 - g. What is a(r)?
-6
Let x(g) = -g - 7. Let h be -1 - ((-28)/7 - -12). Determine x(h).
2
Let h be ((-45)/(-10))/(3/6). Let t(c) = h*c + 0*c + c**2 - 1 - 3*c. Suppose b + 30 = -4*b. Give t(b).
-1
Let y = -189 + 190. Let w(z) = 17*z + 1. Determine w(y).
18
Let x(v) = -10*v + 5. Let d(t) = 29*t - 14. Let f(l) = 6*d(l) + 17*x(l). Calculate f(-1).
-3
Let r(t) = -14 - 2 + 2*t - 3 - 3*t. Give r(-12).
-7
Let x(p) = -3*p + 1. Let b(f) = 4*f + 25. Let y(j) = -b(j) - x(j). Give y(-20).
-6
Let f(m) = -18*m**2 + m**3 + 10*m**2 - 2 + m + 4*m**2. Let g be (17/34)/((3/8)/3). Give f(g).
2
Let z(x) = 4*x + 15. Let o(k) = -3*k - 18. Let i(v) = 4*o(v) + 5*z(v). What is i(1)?
11
Let r(z) = 3*z**3 - z. Let c = -41 + 41. Let a be (1 - 2)*(-1 - c). What is r(a)?
2
Let r(j) = -j + 13. Let v be r(7). Suppose -2*u = -c + 8, -v = u - 4*u - 3*c. Let a(z) = -7 - 2*z + 3*z + 6 + 2. What is a(u)?
-1
Suppose -2*k - 4*f = -34, 5*f = k + f - 5. Let h(c) = 8 + 5*c + 2*c**2 - 3*c**2 + 0*c**2 - k*c. Determine h(-6).
20
Let g(j) = j**3 - 3*j**2 + 2*j - 6. Let h be g(4). Let w(o) = -19 - o + h + 3*o**3 + 0*o - 2*o**2 - 2*o**3. Give w(2).
-3
Let t(q) = 13*q**3 - 6*q**2 + 3*q - 11. Let x(w) = -15*w**3 + 6*w**2 - 3*w + 12. Let a(l) = 7*t(l) + 6*x(l). What is a(4)?
-25
Suppose 30*i = 36*i - 66. Let w(y) = -y**2 + 9*y + 6. Give w(i).
-16
Suppose 4*b + 4 = 5*b. Suppose y + b*t = -7 - 1, 4*t + 20 = -4*y. Let v(j) = 4*j + 12. Let f(q) = q + 2. Let m(u) = 8*f(u) - v(u). Give m(y).
-12
Let f(n) be the first derivative of n**4/4 + 4*n**3/3 + 3*n**2 + 6*n - 1. Let c(m) = m**2 - 9*m - 56. Suppose -15*i + 179 + 16 = 0. Let w be c(i). What is f(w)?
-18
Let d(m) be the first derivative of -m**2/2 + 6*m - 1. Let g(l) = l - 8. Let t be g(19). Give d(t).
-5
Let c(h) be the third derivative of h**7/1260 - 7*h**5/60 + 10*h**2. Let t(i) be the third derivative of c(i). Determine t(-2).
-8
Suppose -b + 1 + 8 = 0. Let v = b + -7. Let g(w) = w**v - 16*w**3 + 8*w - 4*w - 4*w. Determine g(-1).
17
Let t(u) be the second derivative of u**5/20 - 3*u**4/4 + 2*u**3 + 13*u**2/2 - 39*u - 1. What is t(7)?
-1
Suppose -4 = -2*r - 3*i, 3*r - i = -2*i + 20. Suppose -5*d - z + r = -12, 2*z = -5*d + 15. Let h(o) = -67*o**2 + 4*o + 127*o**2 - 61*o**2. Determine h(d).
-5
Let j(u) = -u**2 - 4*u - 6. Suppose -4*z + 24 - 48 = 4*l, -2*z + l = 18. Calculate j(z).
-38
Let u be 6/(-4)*(-10)/1. Let n(m) = 5 - 2 + m - u. Suppose -24 = -2*d - 2*d. Give n(d).
-6
Let y(i) = i**3 - 4*i**2 + 6*i - 4. Let d = 1123 + -1119. What is y(d)?
20
Let v = -30 - -30. Let b(t) = -6 + t + 13 + v*t. Calculate b(-6).
1
Suppose 4*u + 15 = u. Let m(v) be the second derivative of v**3/2 - 8*v. Let w(y) = y. Let p(k) = m(k) - 4*w(k). Calculate p(u).
5
Suppose -2*q + 4*q = 5*t - 19, 1 = 3*t + 4*q. Let y = -3 + t. Let p(k) be the third derivative of -k**6/120 - k**4/24 - 5*k**3/6 - 17*k**2. Calculate p(y).
-5
Let s be 6/6*1*2. Let d(c) = -5*c**s + 0*c**3 + 6*c**3 + 0*c**2 - 5*c**3. Give d(5).
0
Let a(u) be the third derivative of u**5/60 - u**4/8 - u**3/2 - 144*u**2. Calculate a(4).
1
Let m(c) = -3*c**3 + 2*c**2 - c. Let i(z) be the third derivative of -z**4/8 + 13*z**3/6 + 15*z**2. Let l be i(4). Calculate m(l).
-2
Let t(u) = -4 + 2 + 5 - 9 + 4*u. Determine t(6).
18
Suppose -15*i = 338 - 473. Let w(a) = -a**3 + 9*a**2 + 2*a + 10. Calculate w(i).
28
Let w(p) = -6*p - 1. Let k(m) = m. Let t(h) = 11*k(h) + 2*w(h). Suppose 2*q - 24 = 6*q. Let o = 12 + q. What is t(o)?
-8
Let x(f) = 16*f + f**3 - 18*f**2 - 6*f + 10 + 6*f**2. Calculate x(11).
-1
Suppose -4*q + 0*q = -8. Suppose -6 = -q*x, -l - 9*x + 20 = -4*x. Let f(y) be the third derivative of -y**5/60 + y**4/8 + y**3/6 + 5*y**2. Determine f(l).
-9
Suppose 42 = n + 2*n. Let h(r) = -r + n - 6 - r**2 - 10. Determine h(2).
-8
Let p(v) = 5*v - 23. Let f(t) = 5*t - 15. Let o(g) = 3*f(g) - 2*p(g). Determine o(3).
16
Let y(a) = -a + 2 + 1 + 6. Suppose -4*r - 6*r = -2260. Suppose i = -226 + r. Calculate y(i).
9
Let y(g) = g**2 - 4*g - 4. Suppose 0 = 17*t + 1379 - 1328. Calculate y(t).
17
Suppose 0 = -t + 4*l + 8, 6*t - t + 8 = 4*l. Let j(m) = -7*m**2 - 6*m + 2. Let p(g) = -3*g**2 - 3*g + 1. Let z(n) = t*j(n) + 9*p(n). Determine z(2).
-1
Let d be 9/8*(9 + 16 + -17). Let h(b) = 4*b - 33. What is h(d)?
3
Suppose -5*l + 4 = -3*l. Suppose -4*k + 11 = 5*g, 2*g = -2*k + l + 2. Let s(o) = -5*o**g - 2*o - 23 + 22 + o. Determine s(-1).
5
Suppose 2*z = -2*z + 3*q + 18, -5*q + 16 = z. Suppose 0 = -2*w + w - z. Let h(x) = -x**3 - 6*x**2 + 3*x + 2. Calculate h(w).
-16
Let a(l) = l**3 - 2*l + 1. Let z(d) be the second derivative of 0 + 7*d**2 + 1/3*d**3 + 4*d. Let j be z(-6). Calculate a(j).
5
Let h(u) = 0 - 1 + 3 - 1 + 2*u. Suppose 2*r + 5*j - 7 = 0, 0 = -6*r + r + 5*j. Calculate h(r).
3
Let p(t) = -t**2 + 7*t - 11. Suppose -6*x + 485 = 449. What is p(x)?
-5
Let v(g) = 0*g + 9*g**2 + g + g - 2 - 3*g. Determine v(2).
32
Let n(g) = 2*g**2 + 284 - 4*g - 6*g**2 + 11*g - 288. Calculate n(4).
-40
Let u(s) be the first derivative of s**3/3 - 11*s**2/2 - 2*s - 41. Determine u(11).
-2
Let q(z) = z - 11. Let b be q(5). Let s(p) be the first derivative of 3*p**2 - 2*p - 1/4*p**4 + 13 - 5/3*p**3. Determine s(b).
-2
Let n(h) = -h**3 + 4*h**2 - h + 3. Let f(d) = d**2 - d + 1. Let y(r) = -4*f(r) + n(r). Determine y(-3).
17
Let v(b) = -b**3 + 35*b**2 - 17*b - 14. Let w(o) = -5*o**2 + o + 1. Let f(y) = -v(y) - 4*w(y). What is f(14)?
-4
Let w(c) = 1 + c + 5 + 1 + 3. Calculate w(-9).
1
Let j be ((-147)/(-196))/(1/4). Let s = -2 - -5. Let i(h) = 3*h**2 - 6*h**s - 5*h**2 - 3*h + 6*h**2 + 5*h**3. Give i(j).
0
Let t(o) = -o + 1. Let b(l) = l**2 - l - 8. Let m(d) = b(d) + 4*t(d). Calculate m(5).
-4
Let r(k) = 3*k - 4*k - 2812 + 2843. Calculate r(16).
15
Let o = -741 + 725. Let a(m) = -m**2 - 17*m - 10. Calculate a(o).
6
Let w be ((-2)/(-6))/((-1)/(-6)). Let v(c) be the second derivative of -1/3*c**4 + 